{"id":241,"date":"2024-09-10T10:54:53","date_gmt":"2024-09-10T08:54:53","guid":{"rendered":"https:\/\/wg-awg-pischeldorf.at\/newws\/?page_id=241"},"modified":"2024-09-10T10:55:48","modified_gmt":"2024-09-10T08:55:48","slug":"241-2","status":"publish","type":"page","link":"https:\/\/wg-awg-pischeldorf.at\/newws\/241-2\/","title":{"rendered":"\u00dcbersichtspl\u00e4ne"},"content":{"rendered":"\n<div class=\"wp-block-cover alignfull is-light\" style=\"min-height:64px;aspect-ratio:unset;\"><span aria-hidden=\"true\" class=\"wp-block-cover__background has-background-dim-0 has-background-dim\" style=\"background-color:#FFF\"><\/span><video class=\"wp-block-cover__video-background intrinsic-ignore\" autoplay muted loop playsinline src=\"https:\/\/wg-awg-pischeldorf.at\/newws\/wp-content\/uploads\/2024\/09\/Header.mp4\" style=\"object-position:50% 50%\" data-object-fit=\"cover\" data-object-position=\"50% 50%\"><\/video><div class=\"wp-block-cover__inner-container is-layout-constrained wp-block-cover-is-layout-constrained\">\n<blockquote class=\"wp-block-quote is-layout-flow wp-block-quote-is-layout-flow\">\n<p><\/p>\n<\/blockquote>\n<\/div><\/div>\n\n\n\n<div style=\"height:15px\" aria-hidden=\"true\" class=\"wp-block-spacer\"><\/div>\n\n\n\n<h3 class=\"wp-block-heading has-text-align-center\">\u00dcbersichtspl\u00e4ne<\/h3>\n\n\n\n<p>Hier finden Sie die \u00dcbersichtspl\u00e4ne f\u00fcr Kanal- und Wasseranschluss. <br>F\u00fcr Fragen wenden Sie sich bitte an <a href=\"mailto:office@awg-wg-9064.at\">office@awg-wg-9064.at<\/a><\/p>\n\n\n\n<div style=\"height:28px\" aria-hidden=\"true\" class=\"wp-block-spacer\"><\/div>\n\n\n\n<h4 class=\"wp-block-heading has-text-align-center\">Kanalleitungsplan<\/h4>\n\n\n\n<div data-wp-interactive=\"core\/file\" class=\"wp-block-file\"><object data-wp-bind--hidden=\"!state.hasPdfPreview\" hidden class=\"wp-block-file__embed\" data=\"https:\/\/wg-awg-pischeldorf.at\/newws\/wp-content\/uploads\/2024\/09\/PLAN-Kanal.pdf\" type=\"application\/pdf\" style=\"width:100%;height:600px\" aria-label=\"Einbettung von PLAN-Kanal.\"><\/object><a id=\"wp-block-file--media-dc07c711-df90-4748-a9f8-5041cc614cbd\" href=\"https:\/\/wg-awg-pischeldorf.at\/newws\/wp-content\/uploads\/2024\/09\/PLAN-Kanal.pdf\">PLAN-Kanal<\/a><a href=\"https:\/\/wg-awg-pischeldorf.at\/newws\/wp-content\/uploads\/2024\/09\/PLAN-Kanal.pdf\" class=\"wp-block-file__button wp-element-button\" download aria-describedby=\"wp-block-file--media-dc07c711-df90-4748-a9f8-5041cc614cbd\">Herunterladen<\/a><\/div>\n\n\n\n<div style=\"height:54px\" aria-hidden=\"true\" class=\"wp-block-spacer\"><\/div>\n\n\n\n<h4 class=\"wp-block-heading has-text-align-center\">Wasserleitungsplan<\/h4>\n\n\n\n<div data-wp-interactive=\"core\/file\" class=\"wp-block-file\"><object data-wp-bind--hidden=\"!state.hasPdfPreview\" hidden class=\"wp-block-file__embed\" data=\"https:\/\/wg-awg-pischeldorf.at\/newws\/wp-content\/uploads\/2024\/09\/PLAN-Wasser.pdf\" type=\"application\/pdf\" style=\"width:100%;height:600px\" aria-label=\"Einbettung von PLAN-Wasser.\"><\/object><a id=\"wp-block-file--media-6a04ae07-be8e-4fdb-9761-e9c61ea509e4\" href=\"https:\/\/wg-awg-pischeldorf.at\/newws\/wp-content\/uploads\/2024\/09\/PLAN-Wasser.pdf\">PLAN-Wasser<\/a><a href=\"https:\/\/wg-awg-pischeldorf.at\/newws\/wp-content\/uploads\/2024\/09\/PLAN-Wasser.pdf\" class=\"wp-block-file__button wp-element-button\" download aria-describedby=\"wp-block-file--media-6a04ae07-be8e-4fdb-9761-e9c61ea509e4\">Herunterladen<\/a><\/div>\n","protected":false},"excerpt":{"rendered":"<p>\u00dcbersichtspl\u00e4ne Hier finden Sie die \u00dcbersichtspl\u00e4ne f\u00fcr Kanal- und Wasseranschluss. F\u00fcr Fragen wenden Sie sich bitte an office@awg-wg-9064.at Kanalleitungsplan Wasserleitungsplan<\/p>\n","protected":false},"author":1,"featured_media":0,"parent":0,"menu_order":0,"comment_status":"closed","ping_status":"closed","template":"","meta":{"neve_meta_sidebar":"full-width","neve_meta_container":"","neve_meta_enable_content_width":"on","neve_meta_content_width":100,"neve_meta_title_alignment":"","neve_meta_author_avatar":"","neve_post_elements_order":"","neve_meta_disable_header":"","neve_meta_disable_footer":"","neve_meta_disable_title":"on","ngg_post_thumbnail":0,"footnotes":""},"class_list":["post-241","page","type-page","status-publish","hentry"],"_links":{"self":[{"href":"https:\/\/wg-awg-pischeldorf.at\/newws\/wp-json\/wp\/v2\/pages\/241","targetHints":{"allow":["GET"]}}],"collection":[{"href":"https:\/\/wg-awg-pischeldorf.at\/newws\/wp-json\/wp\/v2\/pages"}],"about":[{"href":"https:\/\/wg-awg-pischeldorf.at\/newws\/wp-json\/wp\/v2\/types\/page"}],"author":[{"embeddable":true,"href":"https:\/\/wg-awg-pischeldorf.at\/newws\/wp-json\/wp\/v2\/users\/1"}],"replies":[{"embeddable":true,"href":"https:\/\/wg-awg-pischeldorf.at\/newws\/wp-json\/wp\/v2\/comments?post=241"}],"version-history":[{"count":2,"href":"https:\/\/wg-awg-pischeldorf.at\/newws\/wp-json\/wp\/v2\/pages\/241\/revisions"}],"predecessor-version":[{"id":245,"href":"https:\/\/wg-awg-pischeldorf.at\/newws\/wp-json\/wp\/v2\/pages\/241\/revisions\/245"}],"wp:attachment":[{"href":"https:\/\/wg-awg-pischeldorf.at\/newws\/wp-json\/wp\/v2\/media?parent=241"}],"curies":[{"name":"wp","href":"https:\/\/api.w.org\/{rel}","templated":true}]}}